2
What is the remainder when 59033628 is divided by 218643?
18
What is the remainder when 2157357 is divided by 445?
442
Calculate the remainder when 524498 is divided by 3885.
23
What is the remainder when 29440866 is divided by 134?
128
What is the remainder when 3682795 is divided by 540?
535
Calculate the remainder when 13411553 is divided by 60.
53
Calculate the remainder when 312620046 is divided by 63.
60
Calculate the remainder when 35963843 is divided by 267.
11
Calculate the remainder when 311924649 is divided by 4.
1
What is the remainder when 5299070 is divided by 309?
29
What is the remainder when 302726 is divided by 479?
477
What is the remainder when 835861 is divided by 1598?
107
Calculate the remainder when 6704138 is divided by 100.
38
Calculate the remainder when 34133 is divided by 11356.
65
What is the remainder when 2318144 is divided by 93?
26
Calculate the remainder when 643811 is divided by 214279.
974
What is the remainder when 294204627 is divided by 1335?
1332
What is the remainder when 161575 is divided by 82?
35
Calculate the remainder when 16965361 is divided by 22.
17
Calculate the remainder when 96834 is divided by 14874.
7590
What is the remainder when 5306552 is divided by 1360?
1192
What is the remainder when 548919 is divided by 65?
59
Calculate the remainder when 2775278 is divided by 52363.
39
What is the remainder when 1823416 is divided by 911634?
148
What is the remainder when 156499051 is divided by 2568?
2563
Calculate the remainder when 652583 is divided by 878.
229
Calculate the remainder when 7621445 is divided by 2160.
965
What is the remainder when 5064888 is divided by 722?
58
Calculate the remainder when 277403 is divided by 3260.
303
Calculate the remainder when 5138022 is divided by 244664.
78
Calculate the remainder when 1099676 is divided by 39274.
4
What is the remainder when 3137732 is divided by 30?
2
What is the remainder when 5553867 is divided by 42?
39
Calculate the remainder when 31007322 is divided by 529.
516
Calculate the remainder when 4248627 is divided by 4248615.
12
Calculate the remainder when 16986498 is divided by 2123298.
114
What is the remainder when 15983087 is divided by 7991511?
65
Calculate the remainder when 23759882 is divided by 777.
776
Calculate the remainder when 122424 is divided by 187.
126
Calculate the remainder when 565187 is divided by 162.
131
What is the remainder when 15376993 is divided by 160?
33
What is the remainder when 100258 is divided by 2388?
2350
What is the remainder when 710006 is divided by 489?
467
Calculate the remainder when 37130054 is divided by 790000.
54
Calculate the remainder when 539836 is divided by 578.
562
What is the remainder when 43936 is divided by 1821?
232
Calculate the remainder when 214369 is divided by 43.
14
Calculate the remainder when 33499 is divided by 9351.
5446
What is the remainder when 3199260 is divided by 70?
50
What is the remainder when 1052454 is divided by 175402?
42
What is the remainder when 1837688 is divided by 186?
8
What is the remainder when 807264 is divided by 5724?
180
Calculate the remainder when 14330233 is divided by 298.
9
Calculate the remainder when 27579 is divided by 1916.
755
Calculate the remainder when 102036 is divided by 5674.
5578
What is the remainder when 467424 is divided by 51934?
18
What is the remainder when 1482324 is divided by 370579?
8
What is the remainder when 6709555 is divided by 253?
248
What is the remainder when 1135 is divided by 566?
3
What is the remainder when 690584 is divided by 198?
158
What is the remainder when 27720 is divided by 52?
4
What is the remainder when 1625076 is divided by 2851?
6
Calculate the remainder when 906397 is divided by 2282.
443
Calculate the remainder when 16694 is divided by 13891.
2803
Calculate the remainder when 13559983 is divided by 1351.
1347
Calculate the remainder when 4892003 is divided by 52602.
17
What is the remainder when 475323321 is divided by 14?
11
What is the remainder when 1333331 is divided by 44?
43
Calculate the remainder when 149653 is divided by 693.
658
What is the remainder when 4851395 is divided by 1616605?
1580
What is the remainder when 21897124 is divided by 304?
4
Calculate the remainder when 70373 is divided by 14026.
243
Calculate the remainder when 7413002 is divided by 3825.
152
What is the remainder when 146420 is divided by 69803?
6814
What is the remainder when 185692 is divided by 2267?
2065
Calculate the remainder when 30147 is divided by 1143.
429
Calculate the remainder when 102927104 is divided by 715.
709
Calculate the remainder when 669766 is divided by 334879.
8
What is the remainder when 272062 is divided by 124?
6
Calculate the remainder when 135888 is divided by 496.
480
What is the remainder when 262049 is divided by 738?
59
Calculate the remainder when 215383 is divided by 2090.
113
What is the remainder when 19935 is divided by 1319?
150
What is the remainder when 2803179 is divided by 809?
803
Calculate the remainder when 39348 is divided by 3524.
584
Calculate the remainder when 1676135 is divided by 52379.
7
What is the remainder when 2983623 is divided by 745900?
23
Calculate the remainder when 84663355 is divided by 1597.
1594
Calculate the remainder when 8212776 is divided by 281.
270
Calculate the remainder when 12338445 is divided by 83.
80
Calculate the remainder when 1826919 is divided by 3107.
3
Calculate the remainder when 928429 is divided by 2221.
51
What is the remainder when 69007951 is divided by 6603?
6601
Calculate the remainder when 366081 is divided by 45757.
25
Calculate the remainder when 524470182 is divided by 537.
3
What is the remainder when 49248522 is divided by 29?
26
What is the remainder when 7472 is divided by 2061?
1289
Calculate the remainder when 123718 is divided by 151.
49
Calculate the remainder when 222626 is divided by 133.
117
What is the remainder when 860347 is divided by 1946?
215
What is the remainder when 22590905 is divided by 839?
830
What is the remainder when 327876 is divided by 1340?
916
What is the remainder when 90667 is divided by 524?
15
Calculate the remainder when 3742889 is divided by 25813.
4
What is the remainder when 353135 is divided by 2386?
7
Calculate the remainder when 2653518 is divided by 9.
3
Calculate the remainder when 76189571 is divided by 324.
323
Calculate the remainder when 500985 is divided by 2479.
227
What is the remainder when 419564 is divided by 13984?
44
Calculate the remainder when 13387882 is divided by 291036.
226
What is the remainder when 4069085 is divided by 581296?
13
Calculate the remainder when 4099883 is divided by 683312.
11
What is the remainder when 31610 is divided by 3917?
274
What is the remainder when 2692635 is divided by 2108?
719
Calculate the remainder when 17868542 is divided by 231.
230
What is the remainder when 16371225 is divided by 8185605?
15
What is the remainder when 4686817 is divided by 951?
289
Calculate the remainder when 1472756 is divided by 5278.
194
Calculate the remainder when 269539 is divided by 89186.
1981
What is the remainder when 92497268 is divided by 417?
413
Calculate the remainder when 22526884 is divided by 312.
172
What is the remainder when 51433 is divided by 483?
235
What is the remainder when 363398 is divided by 3494?
22
Calculate the remainder when 104948161 is divided by 687.
667
What is the remainder when 13532463 is divided by 429?
87
What is the remainder when 522082 is divided by 3729?
22
Calculate the remainder when 117344666 is divided by 1629787.
2
What is the remainder when 12003041 is divided by 6001432?
177
What is the remainder when 48856 is divided by 1809?
13
What is the remainder when 544485 is divided by 36296?
45
Calculate the remainder when 598555 is divided by 10688.
27
Calculate the remainder when 99623 is divided by 412.
331
Calculate the remainder when 95491 is divided by 894.
727
Calculate the remainder when 6984779 is divided by 66.
65
Calculate the remainder when 5252115 is divided by 1268.
59
Calculate the remainder when 34211 is divided by 8546.
27
What is the remainder when 8829552 is divided by 4414772?
8
Calculate the remainder when 14838939 is divided by 208.
11
Calculate the remainder when 41044 is